, what is -1988 - -4?
-1984
In base 2, what is -1110110111 + 11?
-1110110100
In base 8, what is 1146 + -4?
1142
In base 11, what is -117 - -93?
-34
In base 16, what is -1b0 + -5?
-1b5
In base 2, what is 10110111 + -11010?
10011101
In base 6, what is -4 - -1044?
1040
In base 8, what is 203 - 134?
47
In base 4, what is 3 + -323?
-320
In base 10, what is -307 + 1?
-306
In base 8, what is -33 + 1?
-32
In base 16, what is 7 - 9?
-2
In base 14, what is -47 + -3?
-4a
In base 5, what is 1040 - 1201?
-111
In base 12, what is -190 - 1?
-191
In base 4, what is 20201 + 3?
20210
In base 14, what is -88d + 5?
-888
In base 6, what is -3 + -11332?
-11335
In base 4, what is 101 - 0?
101
In base 16, what is -139c + 3?
-1399
In base 4, what is 11000 + -11?
10323
In base 14, what is 3 + -c?
-9
In base 7, what is -21 + 12?
-6
In base 11, what is 3 + -683?
-680
In base 5, what is 0 - -113?
113
In base 13, what is 3 + -2a14?
-2a11
In base 15, what is 1821 + 1?
1822
In base 12, what is -37 - 0?
-37
In base 11, what is 240 + -7a?
171
In base 7, what is 5 - 34?
-26
In base 12, what is -1 - -2280?
227b
In base 6, what is -13 - -1305?
1252
In base 2, what is 0 + 1010100?
1010100
In base 5, what is 103 - 12?
41
In base 16, what is 1 + -82?
-81
In base 14, what is -4 - b8?
-bc
In base 3, what is 201222 + 2?
202001
In base 16, what is -17 + -19?
-30
In base 8, what is 0 + 121?
121
In base 10, what is -50 - -57?
7
In base 13, what is 0 + 27?
27
In base 10, what is 3 - 5?
-2
In base 13, what is -135 + 4?
-131
In base 10, what is 175 + 4?
179
In base 15, what is 1 + 66a?
66b
In base 15, what is 1 + -c?
-b
In base 4, what is 130 + 0?
130
In base 16, what is -1 - 3c2?
-3c3
In base 12, what is 538 - 2?
536
In base 4, what is 1 - 11013?
-11012
In base 4, what is 311 - -2?
313
In base 16, what is 6 + 164?
16a
In base 15, what is -6a + 11b?
a1
In base 10, what is 3 - -543?
546
In base 14, what is -22 + -3?
-25
In base 9, what is 18 + 76?
105
In base 9, what is -16 - -10?
-6
In base 16, what is -4 + -b?
-f
In base 7, what is 5 + 33?
41
In base 10, what is -538 - 25?
-563
In base 2, what is 1000 - -10011?
11011
In base 5, what is 433232 - 10?
433222
In base 8, what is -1 + 1152?
1151
In base 16, what is -d + 1?
-c
In base 3, what is -20 + 102001?
101211
In base 9, what is -1 + 26?
25
In base 12, what is 2 + -a7?
-a5
In base 6, what is 22 - 5123?
-5101
In base 12, what is -1 + -7?
-8
In base 12, what is -1138 - -5?
-1133
In base 3, what is 0 - -101?
101
In base 14, what is -1 - -139?
138
In base 13, what is -2 - 1b0?
-1b2
In base 2, what is 1111 - -101000?
110111
In base 14, what is 46 - -1?
47
In base 9, what is -12 + 76?
64
In base 9, what is 63 + -35?
27
In base 14, what is 0 + -375?
-375
In base 7, what is 110535 - 0?
110535
In base 16, what is -b - d?
-18
In base 5, what is 2140 - 3?
2132
In base 14, what is -21c - -2?
-21a
In base 13, what is 5 - 8?
-3
In base 8, what is -50 + -151?
-221
In base 10, what is 373 - 44?
329
In base 16, what is 0 + 14?
14
In base 2, what is -101 + -1000111001?
-1000111110
In base 2, what is 11110 - 1?
11101
In base 5, what is -4342 + 2?
-4340
In base 16, what is 10d6 + -4?
10d2
In base 14, what is -12 - 6ba?
-6cc
In base 15, what is -2 + -b?
-d
In base 3, what is -12 + -21022022?
-21022111
In base 4, what is 30 + 121?
211
In base 7, what is 13 + -1323?
-1310
In base 5, what is 32 + 20?
102
In base 14, what is -367d - 2?
-3681
In base 5, what is 2 + 32033?
32040
In base 15, what is -3a - -3?
-37
In base 13, what is 2b - -279?
2a7
In base 11, what is -4 - -242?
239
In base 8, what is 111 - -60?
171
In base 8, what is 4 - 1334?
-1330
In base 2, what is -1000 - -1010?
10
In base 5, what is -40 + 2121?
2031
In base 4, what is 303 - -1201?
2110
In base 13, what is -1 + -3bb?
-3bc
In base 12, what is 34 - -8?
40
In base 10, what is -50 - 9?
-59
In base 8, what is 3 - -360?
363
In base 16, what is 8 + 45?
4d
In base 5, what is 2 + -31034?
-31032
In base 9, what is 35 + 27?
63
In base 7, what is 11 - -220?
231
In base 14, what is a8 + 2?
aa
In base 4, what is 233 + -1213?
-320
In base 16, what is -1e8c + -4?
-1e90
In base 6, what is 3125 + 0?
3125
In base 2, what is -110 + 10000001000?
10000000010
In base 14, what is -7 - 4b?
-54
In base 11, what is -3 + -387?
-38a
In base 12, what is -6 + -6?
-10
In base 9, what is -6 - 30?
-36
In base 12, what is -15 - -292?
279
In base 11, what is 6496 - -4?
649a
In base 6, what is -12 + 12?
0
In base 3, what is -20020 - -12?
-20001
In base 2, what is 100 - -101110111111?
101111000011
In base 5, what is 4 - 11102?
-11043
In base 10, what is 17006 + -1?
17005
In base 11, what is 1 + -2088?
-2087
In base 12, what is -333 + 1?
-332
In base 2, what is 110100 + 11110111?
100101011
In base 2, what is -1 + 1011001011?
1011001010
In base 9, what is -802 - -1?
-801
In base 12, what is -281 + 0?
-281
In base 5, what is 3120 + 0?
3120
In base 14, what is 1235 - 0?
1235
In base 15, what is 5c + 4?
61
In base 4, what is 20 - -11?
31
In base 9, what is 160 + 2?
162
In base 9, what is 3 + 10377?
10381
In base 13, what is 1 - b9?
-b8
In base 12, what is -10999 + -1?
-1099a
In base 7, what is -12 + 41?
26
In base 2, what is 1001000000 - 1101?
1000110011
In base 7, what is -122 - -3?
-116
In base 16, what is 7295 + 2?
7297
In base 14, what is -3 + -169?
-16c
In base 2, what is 1011101110010 + 10?
1011101110100
In base 4, what is -2 + -301303?
-301311
In base 3, what is 10 + 102110?
102120
In base 2, what is -1101001010 + -11?
-1101001101
In base 11, what is 5 + -65?
-60
In base 16, what is -3 - 328?
-32b
In base 3, what is 2112012 - 11?
2112001
In base 14, what is -5 + -1ab?
-1b2
In base 4, what is 3 - -31?
100
In base 7, what is -5 + 2?
-3
In base 10, what is 3137 - -4?
3141
In base 16, what is 0 + 4b?
4b
In base 6, what is 11 - 0?
11
In base 10, what is 60 - 2?
58
In base 13, what is 157 - 0?
157
In base 14, what is 6 + 28?
30
In base 3, what is -2221 + -20?
-10011
In base 15, what is 3 - 435?
-432
In base 11, what is 1326 + 0?
1326
In base 4, what is -11 - 123122?
-123133
In base 5, what is 1 - -213?
214
In base 16, what is -f - 112?
-121
In base 16, what is -1 + 0?
-1
In base 13, what is 5319 - 2?
5317
In base 16, what is 161 + 1?
162
In base 2, what is -100 - -110101?
110001
In base 8, what is 123 + -3?
120
In base 13, what is -13 - -9?
-7
In base 10, what is 459 + 2?
461
In base 10, what is 4 - 4208?
-4204
In base 3, what is 0 + -1221?
-1221
In base 9, what is -140 + -6?
-146
In base 2, what is -1000000 - -10?
-111110
In base 16, what is 4 - -43?
47
In base 13, what is 1 - 80?
-7c
In base 5, what is 30 - -12433?
13013
In base 16, what is -28 + -3c?
-64
In base 16, what is 4 - f7b?
-f77
In base 15, what is -2 - -153?
151
In base 4, what is -11 + 301?
230
In base 14, what is -2 + -3b?
-3d
In base 5, what is -1110 + 4?
-1101
In base 11, what is -441 + 18?
-424
In base 3, what is -202 - -1?
-201
In base 12, what is -175 - -2?
-173
In base 9, what is 1013 + 0?
1013
In base 11, what is 13 + 2a1?
304
In base 12, what is 3 - -144?
147
In base 6, what is 3 - 22351?
-22344
In base 14, what is 3 + 40?
43
In base 14, what is -d3 - -12?
-c1
In base 11, what is -240 + 0?
-240
In base 9, what is 25513 - -3?
25516
In base 10, what is 4009 - 5?
4004
In base 10, what is 22 - -6?
28
In base 11, what is 0 + 128?
128
In base 13, what is -6b + -b?
-79
In base 7, what is -360 - 41?
-431
In base 12, what is -96 + -61?
-137
In base 2, what is -100 - -1111011?
1110111
In base 8, what is 2 - -54?
56
In base 16, what is -3 + -24?
-27
In base 14, what is -33 + 12?
-21
In base 10, what is 3 - -115?
118
In base 5, what is 23 + 224?
302
In base 5, what is -3 - 111?
-114
In base 15, what is -190 + c?
-183
In base 14, what is 1 + -1?
0
In base 13, what is 2 + -a2?
-a0
In base 13, what is -374 - -5?
-36c
In base 12, what is 9b4 + -3?
9b1
In base 10, what is 6 - 10?
-4
In base 3, what is 11112 - -10?
11122
In base 10, what is 15 + -3?
12
In base 5, what is -103000 - -1?
-102444
In base 11, what is 2 + 411?
413
In base 15, what is -5 - c?
-12
In base 2, what is 10101011001 + -10?
10101010111
In base 16, what is 3 - d0?
-cd
In base 3, what is -21 - -1212?
1121
In base 7, what is -440 + 32?
-405
In base 11, what is -1a3 + 93?
-110
In base 3, what is -20 + 2111?
2021
I